{"id":93,"date":"2023-07-20T19:36:17","date_gmt":"2023-07-20T19:36:17","guid":{"rendered":"https:\/\/5poraroku.pl\/?page_id=93"},"modified":"2025-07-30T19:55:01","modified_gmt":"2025-07-30T19:55:01","slug":"koncerty","status":"publish","type":"page","link":"https:\/\/5poraroku.pl\/index.php\/koncerty\/","title":{"rendered":"Koncerty"},"content":{"rendered":"\n<p>Gdzie nas mo\u017cna zobaczy\u0107 i pos\u0142ucha\u0107 w najbli\u017cszym czasie:<\/p>\n\n\n\n<h2 class=\"wp-block-heading\">Koncert dla S\u0105siada 2025<\/h2>\n\n\n\n<div class=\"wp-block-columns is-layout-flex wp-container-core-columns-is-layout-28f84493 wp-block-columns-is-layout-flex\">\n<div class=\"wp-block-column is-layout-flow wp-block-column-is-layout-flow\" style=\"flex-basis:33.33%\">\n<figure class=\"wp-block-gallery has-nested-images columns-default is-cropped wp-block-gallery-1 is-layout-flex wp-block-gallery-is-layout-flex\">\n<figure class=\"wp-block-image size-large\"><img loading=\"lazy\" decoding=\"async\" width=\"731\" height=\"1024\" data-id=\"451\" src=\"https:\/\/5poraroku.pl\/wp-content\/uploads\/2025\/07\/KONCERT-DLA-SASIADA-2025-B-731x1024.jpg\" alt=\"\" class=\"wp-image-451\" srcset=\"https:\/\/5poraroku.pl\/wp-content\/uploads\/2025\/07\/KONCERT-DLA-SASIADA-2025-B-731x1024.jpg 731w, https:\/\/5poraroku.pl\/wp-content\/uploads\/2025\/07\/KONCERT-DLA-SASIADA-2025-B-214x300.jpg 214w, https:\/\/5poraroku.pl\/wp-content\/uploads\/2025\/07\/KONCERT-DLA-SASIADA-2025-B-768x1075.jpg 768w, https:\/\/5poraroku.pl\/wp-content\/uploads\/2025\/07\/KONCERT-DLA-SASIADA-2025-B-1097x1536.jpg 1097w, https:\/\/5poraroku.pl\/wp-content\/uploads\/2025\/07\/KONCERT-DLA-SASIADA-2025-B.jpg 1417w\" sizes=\"auto, (max-width: 731px) 100vw, 731px\" \/><\/figure>\n<\/figure>\n<\/div>\n\n\n\n<div class=\"wp-block-column is-layout-flow wp-block-column-is-layout-flow\" style=\"flex-basis:66.66%\">\n<p>\u201eKoncert dla S\u0105siada\u201d w Gorzowie Wielkopolskim, zagramy w ramach projektu KULTURA PO S\u0104SIEDZKU.<\/p>\n\n\n\n<p><strong>21.08.2025, godz. 19:00<\/strong> Zawarcie ul. \u015al\u0105ska 77 (podw\u00f3rko)<\/p>\n\n\n\n<p>&#8222;Ma\u0142a Orkiestra Wielkiego Ekranu&#8221; to nowy program z piosenkami ze znanych film\u00f3w i seriali telewizyjnych.<\/p>\n\n\n\n<p><strong>5 Pora Roku<\/strong> zagra w sk\u0142adzie: Katarzyna Studniarek, Cezary \u017bo\u0142y\u0144ski, Marek Popis, Tomasz Ko\u017alarek, Krzysztof Mr\u00f3z.<\/p>\n\n\n\n<p>Koncert dla S\u0105siada \u2013 zadanie wsp\u00f3\u0142finansowane ze \u015brodk\u00f3w otrzymanych od Urz\u0119du Miasta Gorz\u00f3w Wielkopolski<\/p>\n<\/div>\n<\/div>\n\n\n\n<h2 class=\"wp-block-heading\">Koncert dla S\u0105siada 2025<\/h2>\n\n\n\n<div class=\"wp-block-columns is-layout-flex wp-container-core-columns-is-layout-28f84493 wp-block-columns-is-layout-flex\">\n<div class=\"wp-block-column is-layout-flow wp-block-column-is-layout-flow\" style=\"flex-basis:33.33%\">\n<figure class=\"wp-block-image size-large\"><img loading=\"lazy\" decoding=\"async\" width=\"731\" height=\"1024\" src=\"https:\/\/5poraroku.pl\/wp-content\/uploads\/2025\/07\/KONCERT-DLA-SASIADA-2025-a-1-731x1024.jpg\" alt=\"\" class=\"wp-image-408\" srcset=\"https:\/\/5poraroku.pl\/wp-content\/uploads\/2025\/07\/KONCERT-DLA-SASIADA-2025-a-1-731x1024.jpg 731w, https:\/\/5poraroku.pl\/wp-content\/uploads\/2025\/07\/KONCERT-DLA-SASIADA-2025-a-1-214x300.jpg 214w, https:\/\/5poraroku.pl\/wp-content\/uploads\/2025\/07\/KONCERT-DLA-SASIADA-2025-a-1-768x1075.jpg 768w, https:\/\/5poraroku.pl\/wp-content\/uploads\/2025\/07\/KONCERT-DLA-SASIADA-2025-a-1-1097x1536.jpg 1097w, https:\/\/5poraroku.pl\/wp-content\/uploads\/2025\/07\/KONCERT-DLA-SASIADA-2025-a-1-1463x2048.jpg 1463w, https:\/\/5poraroku.pl\/wp-content\/uploads\/2025\/07\/KONCERT-DLA-SASIADA-2025-a-1-scaled.jpg 1828w\" sizes=\"auto, (max-width: 731px) 100vw, 731px\" \/><\/figure>\n<\/div>\n\n\n\n<div class=\"wp-block-column is-layout-flow wp-block-column-is-layout-flow\" style=\"flex-basis:66.66%\">\n<p>\u201eKoncert dla S\u0105siada\u201d zagramy w ramach projektu KULTURA PO S\u0104SIEDZKU.<\/p>\n\n\n\n<p><strong>10.07.2025, godz. 20:00<\/strong> Park Kieszonkowy na Osiedlu S\u0142onecznym<\/p>\n\n\n\n<p>&#8222;Ma\u0142a Orkiestra Wielkiego Ekranu&#8221; to nowy program z piosenkami ze znanych film\u00f3w i seriali telewizyjnych.<\/p>\n\n\n\n<p><strong>5 Pora Roku<\/strong> zagra w sk\u0142adzie: Katarzyna Studniarek, Cezary \u017bo\u0142y\u0144ski, Marek Popis, Tomasz Ko\u017alarek, Krzysztof Mr\u00f3z.<\/p>\n\n\n\n<p>Koncert dla S\u0105siada \u2013 zadanie wsp\u00f3\u0142finansowane ze \u015brodk\u00f3w otrzymanych od Urz\u0119du Miasta Gorz\u00f3w Wielkopolski<\/p>\n<\/div>\n<\/div>\n\n\n\n<h2 class=\"wp-block-heading\">Koncert dla S\u0105siada 2024<\/h2>\n\n\n\n<div class=\"wp-block-columns is-layout-flex wp-container-core-columns-is-layout-28f84493 wp-block-columns-is-layout-flex\">\n<div class=\"wp-block-column is-layout-flow wp-block-column-is-layout-flow\" style=\"flex-basis:33.33%\">\n<figure class=\"wp-block-image size-large\"><img loading=\"lazy\" decoding=\"async\" width=\"721\" height=\"1024\" src=\"https:\/\/5poraroku.pl\/wp-content\/uploads\/2024\/08\/KONCERT-DLA-SASIADA-2024-B-721x1024.jpg\" alt=\"\" class=\"wp-image-332\" srcset=\"https:\/\/5poraroku.pl\/wp-content\/uploads\/2024\/08\/KONCERT-DLA-SASIADA-2024-B-721x1024.jpg 721w, https:\/\/5poraroku.pl\/wp-content\/uploads\/2024\/08\/KONCERT-DLA-SASIADA-2024-B-211x300.jpg 211w, https:\/\/5poraroku.pl\/wp-content\/uploads\/2024\/08\/KONCERT-DLA-SASIADA-2024-B-768x1090.jpg 768w, https:\/\/5poraroku.pl\/wp-content\/uploads\/2024\/08\/KONCERT-DLA-SASIADA-2024-B-1082x1536.jpg 1082w, https:\/\/5poraroku.pl\/wp-content\/uploads\/2024\/08\/KONCERT-DLA-SASIADA-2024-B-1443x2048.jpg 1443w, https:\/\/5poraroku.pl\/wp-content\/uploads\/2024\/08\/KONCERT-DLA-SASIADA-2024-B-scaled.jpg 1804w\" sizes=\"auto, (max-width: 721px) 100vw, 721px\" \/><\/figure>\n<\/div>\n\n\n\n<div class=\"wp-block-column is-layout-flow wp-block-column-is-layout-flow\" style=\"flex-basis:66.66%\">\n<p>\u201eKoncert dla S\u0105siada\u201d zagramy jeszcze dwa razy w Gorzowie Wielkopolskim, w ramach nowego projektu KULTURA PO S\u0104SIEDZKU.<\/p>\n\n\n\n<p><strong>21.08.2024, godz. 19:00<\/strong> <a href=\"https:\/\/www.werandabistro.pl\/\" data-type=\"link\" data-id=\"https:\/\/www.werandabistro.pl\/\">Weranda Bistro Grill&amp;Coffee<\/a><\/p>\n\n\n\n<p><strong>22.08.2024 godz. 19.00<\/strong><\/p>\n\n\n\n<p><strong>5 Pora Roku<\/strong> zagra utwory L. Cohena w sk\u0142adzie: Sylwia Dera, Cezary \u017bo\u0142y\u0144ski, Marek Popis, Mariusz Ambro\u017cuk.<\/p>\n\n\n\n<p>Koncert dla S\u0105siada \u2013 zadanie wsp\u00f3\u0142finansowane ze \u015brodk\u00f3w otrzymanych od Urz\u0119du Miasta Gorz\u00f3w Wielkopolski<\/p>\n<\/div>\n<\/div>\n\n\n\n<h2 class=\"wp-block-heading\">Pomara\u0144cze dla Zuzanny<\/h2>\n\n\n\n<div class=\"wp-block-columns is-layout-flex wp-container-core-columns-is-layout-28f84493 wp-block-columns-is-layout-flex\">\n<div class=\"wp-block-column is-layout-flow wp-block-column-is-layout-flow\" style=\"flex-basis:33.33%\">\n<figure class=\"wp-block-image size-large\"><img loading=\"lazy\" decoding=\"async\" width=\"724\" height=\"1024\" src=\"https:\/\/5poraroku.pl\/wp-content\/uploads\/2024\/03\/Pomarancze-dla-Zuzanny_-koncert-ZESPOLU-5-pora-rokU-WYSTAPIA-cezary-zolynski-sylwia-dera-mariusz-smolinski-marek-popis-goscinnie-kacper-kubrynski-4-724x1024.png\" alt=\"\" class=\"wp-image-299\" srcset=\"https:\/\/5poraroku.pl\/wp-content\/uploads\/2024\/03\/Pomarancze-dla-Zuzanny_-koncert-ZESPOLU-5-pora-rokU-WYSTAPIA-cezary-zolynski-sylwia-dera-mariusz-smolinski-marek-popis-goscinnie-kacper-kubrynski-4-724x1024.png 724w, https:\/\/5poraroku.pl\/wp-content\/uploads\/2024\/03\/Pomarancze-dla-Zuzanny_-koncert-ZESPOLU-5-pora-rokU-WYSTAPIA-cezary-zolynski-sylwia-dera-mariusz-smolinski-marek-popis-goscinnie-kacper-kubrynski-4-212x300.png 212w, https:\/\/5poraroku.pl\/wp-content\/uploads\/2024\/03\/Pomarancze-dla-Zuzanny_-koncert-ZESPOLU-5-pora-rokU-WYSTAPIA-cezary-zolynski-sylwia-dera-mariusz-smolinski-marek-popis-goscinnie-kacper-kubrynski-4-768x1086.png 768w, https:\/\/5poraroku.pl\/wp-content\/uploads\/2024\/03\/Pomarancze-dla-Zuzanny_-koncert-ZESPOLU-5-pora-rokU-WYSTAPIA-cezary-zolynski-sylwia-dera-mariusz-smolinski-marek-popis-goscinnie-kacper-kubrynski-4-1086x1536.png 1086w, https:\/\/5poraroku.pl\/wp-content\/uploads\/2024\/03\/Pomarancze-dla-Zuzanny_-koncert-ZESPOLU-5-pora-rokU-WYSTAPIA-cezary-zolynski-sylwia-dera-mariusz-smolinski-marek-popis-goscinnie-kacper-kubrynski-4.png 1414w\" sizes=\"auto, (max-width: 724px) 100vw, 724px\" \/><\/figure>\n<\/div>\n\n\n\n<div class=\"wp-block-column is-layout-flow wp-block-column-is-layout-flow\" style=\"flex-basis:66.66%\">\n<p>Dzie\u0144 Kobiet. Koncert dla Pa\u0144 o zapachu pomara\u0144czy. <\/p>\n\n\n\n<p><strong>08.03.2024, godz. 19:00<\/strong><\/p>\n\n\n\n<p><strong><a href=\"https:\/\/www.facebook.com\/TEATRGORZOW\">Teatr im. J. Osterwy w Gorzowie Wielkopolskim<\/a><\/strong>  ( Scena Kameralna )<\/p>\n\n\n\n<p><strong>5 Pora Roku<\/strong> zagra utwory L. Cohena w sk\u0142adzie: Sylwia Dera, Cezary \u017bo\u0142y\u0144ski, Marek Popis, Mariusz Smoli\u0144ski.<\/p>\n\n\n\n<p>Go\u015bcinnie wyst\u0105pi <strong>Kacper Kubry\u0144ski<\/strong> &#8211; &#8222;nowa twarz&#8221; gorzowskiego teatru.  <\/p>\n<\/div>\n<\/div>\n\n\n\n<h2 class=\"wp-block-heading\">Nocny Szlak Kulturalny 2023<\/h2>\n\n\n\n<div class=\"wp-block-columns is-layout-flex wp-container-core-columns-is-layout-28f84493 wp-block-columns-is-layout-flex\">\n<div class=\"wp-block-column is-layout-flow wp-block-column-is-layout-flow\" style=\"flex-basis:33.33%\">\n<figure class=\"wp-block-image size-large\"><img loading=\"lazy\" decoding=\"async\" width=\"731\" height=\"1024\" src=\"https:\/\/5poraroku.pl\/wp-content\/uploads\/2023\/08\/KONCERT-DLA-SASIADA-2023-731x1024.jpg\" alt=\"\" class=\"wp-image-280\" srcset=\"https:\/\/5poraroku.pl\/wp-content\/uploads\/2023\/08\/KONCERT-DLA-SASIADA-2023-731x1024.jpg 731w, https:\/\/5poraroku.pl\/wp-content\/uploads\/2023\/08\/KONCERT-DLA-SASIADA-2023-214x300.jpg 214w, https:\/\/5poraroku.pl\/wp-content\/uploads\/2023\/08\/KONCERT-DLA-SASIADA-2023-768x1075.jpg 768w, https:\/\/5poraroku.pl\/wp-content\/uploads\/2023\/08\/KONCERT-DLA-SASIADA-2023-1097x1536.jpg 1097w, https:\/\/5poraroku.pl\/wp-content\/uploads\/2023\/08\/KONCERT-DLA-SASIADA-2023.jpg 1417w\" sizes=\"auto, (max-width: 731px) 100vw, 731px\" \/><\/figure>\n<\/div>\n\n\n\n<div class=\"wp-block-column is-layout-flow wp-block-column-is-layout-flow\" style=\"flex-basis:66.66%\">\n<p>W ramach Nocnego Szlaku Kulturalnego 2023,  5 Pora Roku zagra kolejny &#8222;Koncert dla S\u0105siada&#8221;, specjalnie dla s\u0105siad\u00f3w Cezarego \u017bo\u0142y\u0144skiego.  <\/p>\n\n\n\n<p><strong>02.09.2023, godz. 19:00<\/strong><br>Podw\u00f3rko mi\u0119dzy ulicami Dzieci Wrzesi\u0144skich a We\u0142nianym Rynkiem, Gorz\u00f3w Wielkopolski.<\/p>\n\n\n\n<p>5 Pora Roku zagra utwory L. Cohena, J. Brela, G. Brassensa w sk\u0142adzie Sylwia Dera, Cezary \u017bo\u0142y\u0144ski, Mariusz Smoli\u0144ski.<\/p>\n\n\n\n<p>Zaprezentowany zostanie tak\u017ce happening &#8222;Limeryki &#8211; Wybryki&#8221;, oparty na tekstach wykorzystywanych w audycji \u201ePORA na PORRA\u201d w Radiu Gorz\u00f3w.<\/p>\n<\/div>\n<\/div>\n\n\n\n<h2 class=\"wp-block-heading\">Koncert dla Seniora 2023<\/h2>\n\n\n\n<div class=\"wp-block-columns is-layout-flex wp-container-core-columns-is-layout-28f84493 wp-block-columns-is-layout-flex\">\n<div class=\"wp-block-column is-layout-flow wp-block-column-is-layout-flow\" style=\"flex-basis:33.33%\">\n<figure class=\"wp-block-image size-large\"><img loading=\"lazy\" decoding=\"async\" width=\"731\" height=\"1024\" src=\"https:\/\/5poraroku.pl\/wp-content\/uploads\/2023\/08\/KONCERT-DLA-SENIORA-1-731x1024.jpg\" alt=\"\" class=\"wp-image-258\" srcset=\"https:\/\/5poraroku.pl\/wp-content\/uploads\/2023\/08\/KONCERT-DLA-SENIORA-1-731x1024.jpg 731w, https:\/\/5poraroku.pl\/wp-content\/uploads\/2023\/08\/KONCERT-DLA-SENIORA-1-214x300.jpg 214w, https:\/\/5poraroku.pl\/wp-content\/uploads\/2023\/08\/KONCERT-DLA-SENIORA-1-768x1075.jpg 768w, https:\/\/5poraroku.pl\/wp-content\/uploads\/2023\/08\/KONCERT-DLA-SENIORA-1-1097x1536.jpg 1097w, https:\/\/5poraroku.pl\/wp-content\/uploads\/2023\/08\/KONCERT-DLA-SENIORA-1.jpg 1417w\" sizes=\"auto, (max-width: 731px) 100vw, 731px\" \/><\/figure>\n<\/div>\n\n\n\n<div class=\"wp-block-column is-layout-flow wp-block-column-is-layout-flow\" style=\"flex-basis:66.66%\">\n<p>5 Pora Roku zagra ballady Leonarda Cohena w sk\u0142adzie Sylwia Dera, Cezary \u017bo\u0142y\u0144ski, Mariusz Smoli\u0144ski, Marek Popis<\/p>\n\n\n\n<p><strong>04.09.2023, godz. 20:00<\/strong><br>Skwer przy ul. T.M. Klimek \/ Dywizjonu 303 (Os. Dolinki), Gorz\u00f3w Wielkopolski<\/p>\n\n\n\n<p><strong>07.09.2023, godz. 19:00<\/strong><br>Skwer Bauera ul. Wawrzyniaka (Zawarcie), Gorz\u00f3w Wielkopolski<\/p>\n\n\n\n<p><strong>08.09.2023, godz. 19:00<\/strong><br>(Os. S\u0142oneczne) Gorz\u00f3w Wielkopolski<\/p>\n\n\n\n<p>Koncert dla Seniora \u2013 zadanie wsp\u00f3\u0142finansowane ze \u015brodk\u00f3w otrzymanych od Urz\u0119du Miasta Gorz\u00f3w Wielkopolski<\/p>\n<\/div>\n<\/div>\n\n\n\n<h2 class=\"wp-block-heading\">Koncert dla S\u0105siada 2023<\/h2>\n\n\n\n<div class=\"wp-block-columns is-layout-flex wp-container-core-columns-is-layout-28f84493 wp-block-columns-is-layout-flex\">\n<div class=\"wp-block-column is-layout-flow wp-block-column-is-layout-flow\" style=\"flex-basis:33.33%\">\n<figure class=\"wp-block-image size-full is-style-default\"><img loading=\"lazy\" decoding=\"async\" width=\"514\" height=\"720\" src=\"https:\/\/5poraroku.pl\/wp-content\/uploads\/2023\/07\/5poraroku_koncert_dla_sasiada_2023.jpg\" alt=\"Koncert dla s\u0105siada 2023\" class=\"wp-image-95\" srcset=\"https:\/\/5poraroku.pl\/wp-content\/uploads\/2023\/07\/5poraroku_koncert_dla_sasiada_2023.jpg 514w, https:\/\/5poraroku.pl\/wp-content\/uploads\/2023\/07\/5poraroku_koncert_dla_sasiada_2023-214x300.jpg 214w\" sizes=\"auto, (max-width: 514px) 100vw, 514px\" \/><\/figure>\n<\/div>\n\n\n\n<div class=\"wp-block-column is-layout-flow wp-block-column-is-layout-flow\" style=\"flex-basis:66.66%\">\n<p>5 Pora Roku zagra ballady Leonarda Cohena w sk\u0142adzie Sylwia Dera, Cezary \u017bo\u0142y\u0144ski, Mariusz Smoli\u0144ski, Marek Popis<\/p>\n\n\n\n<p><strong>27.07.2023, godz. 20:00<\/strong><br>Bloki przy ul. Fredry 13 (Os. Staszica), Gorz\u00f3w Wielkopolski<\/p>\n\n\n\n<p><strong>11.08.2023, godz. 20:00<\/strong><br>Osiedlova Klubokawiarnia (Os. Piaski), Gorz\u00f3w Wielkopolski<\/p>\n\n\n\n<p><strong>01.09.2023, godz. 19:00<\/strong><br>Podw\u00f3rko przy ul. Andersa 20 (Os. Manhattan)<\/p>\n\n\n\n<p>Koncert dla S\u0105siada \u2013 zadanie wsp\u00f3\u0142finansowane ze \u015brodk\u00f3w otrzymanych od Urz\u0119du Miasta Gorz\u00f3w Wielkopolski<\/p>\n<\/div>\n<\/div>\n","protected":false},"excerpt":{"rendered":"<p>Gdzie nas mo\u017cna zobaczy\u0107 i pos\u0142ucha\u0107 w najbli\u017cszym czasie: Koncert dla S\u0105siada 2025 \u201eKoncert dla S\u0105siada\u201d w Gorzowie Wielkopolskim, zagramy w ramach projektu KULTURA PO S\u0104SIEDZKU. 21.08.2025, godz. 19:00 Zawarcie ul. \u015al\u0105ska 77 (podw\u00f3rko) &#8222;Ma\u0142a Orkiestra Wielkiego Ekranu&#8221; to nowy program z piosenkami ze znanych film\u00f3w i seriali telewizyjnych. 5 [&hellip;]<\/p>\n","protected":false},"author":1,"featured_media":354,"parent":0,"menu_order":0,"comment_status":"closed","ping_status":"closed","template":"","meta":{"footnotes":""},"class_list":["post-93","page","type-page","status-publish","has-post-thumbnail","hentry"],"_links":{"self":[{"href":"https:\/\/5poraroku.pl\/index.php\/wp-json\/wp\/v2\/pages\/93","targetHints":{"allow":["GET"]}}],"collection":[{"href":"https:\/\/5poraroku.pl\/index.php\/wp-json\/wp\/v2\/pages"}],"about":[{"href":"https:\/\/5poraroku.pl\/index.php\/wp-json\/wp\/v2\/types\/page"}],"author":[{"embeddable":true,"href":"https:\/\/5poraroku.pl\/index.php\/wp-json\/wp\/v2\/users\/1"}],"replies":[{"embeddable":true,"href":"https:\/\/5poraroku.pl\/index.php\/wp-json\/wp\/v2\/comments?post=93"}],"version-history":[{"count":28,"href":"https:\/\/5poraroku.pl\/index.php\/wp-json\/wp\/v2\/pages\/93\/revisions"}],"predecessor-version":[{"id":452,"href":"https:\/\/5poraroku.pl\/index.php\/wp-json\/wp\/v2\/pages\/93\/revisions\/452"}],"wp:featuredmedia":[{"embeddable":true,"href":"https:\/\/5poraroku.pl\/index.php\/wp-json\/wp\/v2\/media\/354"}],"wp:attachment":[{"href":"https:\/\/5poraroku.pl\/index.php\/wp-json\/wp\/v2\/media?parent=93"}],"curies":[{"name":"wp","href":"https:\/\/api.w.org\/{rel}","templated":true}]}}