{"id":153,"date":"2023-07-30T11:54:54","date_gmt":"2023-07-30T11:54:54","guid":{"rendered":"https:\/\/5poraroku.pl\/?page_id=153"},"modified":"2025-07-17T21:25:37","modified_gmt":"2025-07-17T21:25:37","slug":"zespol","status":"publish","type":"page","link":"https:\/\/5poraroku.pl\/index.php\/zespol\/","title":{"rendered":"Zesp\u00f3\u0142"},"content":{"rendered":"\n<blockquote class=\"wp-block-quote is-layout-flow wp-block-quote-is-layout-flow\">\n<p>\u017bycie to dobrze napisana sztuka, z wyj\u0105tkiem trzeciego aktu&#8230;<\/p>\n<cite>Leonard Cohen<\/cite><\/blockquote>\n\n\n\n<p>&#8230;dlatego staramy si\u0119 aby akt drugi trwa\u0142 niesko\u0144czenie d\u0142ugo.<\/p>\n\n\n\n<div class=\"wp-block-columns is-layout-flex wp-container-core-columns-is-layout-28f84493 wp-block-columns-is-layout-flex\">\n<div class=\"wp-block-column is-layout-flow wp-block-column-is-layout-flow\" style=\"flex-basis:33.33%\">\n<figure class=\"wp-block-image size-full\"><img loading=\"lazy\" decoding=\"async\" width=\"512\" height=\"512\" src=\"https:\/\/5poraroku.pl\/wp-content\/uploads\/2023\/07\/cropped-5poraroku.jpg\" alt=\"\" class=\"wp-image-44\" srcset=\"https:\/\/5poraroku.pl\/wp-content\/uploads\/2023\/07\/cropped-5poraroku.jpg 512w, https:\/\/5poraroku.pl\/wp-content\/uploads\/2023\/07\/cropped-5poraroku-300x300.jpg 300w, https:\/\/5poraroku.pl\/wp-content\/uploads\/2023\/07\/cropped-5poraroku-150x150.jpg 150w, https:\/\/5poraroku.pl\/wp-content\/uploads\/2023\/07\/cropped-5poraroku-270x270.jpg 270w, https:\/\/5poraroku.pl\/wp-content\/uploads\/2023\/07\/cropped-5poraroku-192x192.jpg 192w, https:\/\/5poraroku.pl\/wp-content\/uploads\/2023\/07\/cropped-5poraroku-180x180.jpg 180w, https:\/\/5poraroku.pl\/wp-content\/uploads\/2023\/07\/cropped-5poraroku-32x32.jpg 32w\" sizes=\"auto, (max-width: 512px) 100vw, 512px\" \/><\/figure>\n<\/div>\n\n\n\n<div class=\"wp-block-column is-layout-flow wp-block-column-is-layout-flow\" style=\"flex-basis:66.66%\">\n<p><strong>5 Pora Roku<\/strong> &#8211; to zesp\u00f3\u0142 artyst\u00f3w i przyjaci\u00f3\u0142 &#8211; aktor\u00f3w, muzyk\u00f3w, wokalist\u00f3w. Gramy recitale, koncerty, spektakle teatralne. \u0141\u0105czy nas pasja do sztuki, a sztuka daje nam mn\u00f3stwo rado\u015bci. T\u0105 rado\u015bci\u0105 dzielimy si\u0119 z ka\u017cdym, kto zechce uczestniczy\u0107 w naszych wydarzeniach. <\/p>\n\n\n\n<p>Jeste\u015bmy przekonani \u017ce naszym repertuarem, wykonaniem i niepowtarzaln\u0105 atmosfer\u0105, skradniemy Wasze serca i dusze.<\/p>\n<\/div>\n<\/div>\n\n\n\n<h2 class=\"wp-block-heading\">Zesp\u00f3\u0142 5 Pora Roku<\/h2>\n\n\n\n<div style=\"height:25px\" aria-hidden=\"true\" class=\"wp-block-spacer\"><\/div>\n\n\n\n<div class=\"wp-block-columns is-layout-flex wp-container-core-columns-is-layout-28f84493 wp-block-columns-is-layout-flex\">\n<div class=\"wp-block-column is-layout-flow wp-block-column-is-layout-flow\" style=\"flex-basis:33.33%\">\n<figure class=\"wp-block-image size-large is-style-default\"><a href=\"https:\/\/5poraroku.pl\/wp-content\/uploads\/2025\/07\/5pr_02514.jpg\"><img loading=\"lazy\" decoding=\"async\" width=\"1024\" height=\"1024\" src=\"https:\/\/5poraroku.pl\/wp-content\/uploads\/2025\/07\/5pr_02514-1024x1024.jpg\" alt=\"\" class=\"wp-image-384\" srcset=\"https:\/\/5poraroku.pl\/wp-content\/uploads\/2025\/07\/5pr_02514-1024x1024.jpg 1024w, https:\/\/5poraroku.pl\/wp-content\/uploads\/2025\/07\/5pr_02514-300x300.jpg 300w, https:\/\/5poraroku.pl\/wp-content\/uploads\/2025\/07\/5pr_02514-150x150.jpg 150w, https:\/\/5poraroku.pl\/wp-content\/uploads\/2025\/07\/5pr_02514-768x768.jpg 768w, https:\/\/5poraroku.pl\/wp-content\/uploads\/2025\/07\/5pr_02514-1536x1536.jpg 1536w, https:\/\/5poraroku.pl\/wp-content\/uploads\/2025\/07\/5pr_02514.jpg 1920w\" sizes=\"auto, (max-width: 1024px) 100vw, 1024px\" \/><\/a><\/figure>\n<\/div>\n\n\n\n<div class=\"wp-block-column is-layout-flow wp-block-column-is-layout-flow\" style=\"flex-basis:66.66%\">\n<h3 class=\"wp-block-heading\">Katarzyna Studniarek<\/h3>\n\n\n\n<p>Wokalistka.  Absolwentka Uniwersytetu Adama Mickiewicza w Poznaniu, na kierunku filologia angielska. Uczestniczka mi\u0119dzynarodowych warsztat\u00f3w jazzowych &#8222;Cho &#8211; Jazz&#8221; oraz polskiego programu telewizyjnego &#8222;Disco Star&#8221;. Wokalistka. \u017bywy dow\u00f3d na to, \u017ce talent i zaanga\u017cowanie mog\u0105 pokona\u0107 nawet brak formalnej edukacji muzycznej.<\/p>\n<\/div>\n<\/div>\n\n\n\n<div class=\"wp-block-columns is-layout-flex wp-container-core-columns-is-layout-28f84493 wp-block-columns-is-layout-flex\">\n<div class=\"wp-block-column is-layout-flow wp-block-column-is-layout-flow\" style=\"flex-basis:33.33%\">\n<figure class=\"wp-block-image size-large\"><a href=\"https:\/\/5poraroku.pl\/wp-content\/uploads\/2023\/07\/5pr_025.jpg\"><img loading=\"lazy\" decoding=\"async\" width=\"1024\" height=\"1024\" src=\"https:\/\/5poraroku.pl\/wp-content\/uploads\/2023\/07\/5pr_025-1024x1024.jpg\" alt=\"Cezary \u017bo\u0142y\u0144ski\" class=\"wp-image-77\" srcset=\"https:\/\/5poraroku.pl\/wp-content\/uploads\/2023\/07\/5pr_025-1024x1024.jpg 1024w, https:\/\/5poraroku.pl\/wp-content\/uploads\/2023\/07\/5pr_025-300x300.jpg 300w, https:\/\/5poraroku.pl\/wp-content\/uploads\/2023\/07\/5pr_025-150x150.jpg 150w, https:\/\/5poraroku.pl\/wp-content\/uploads\/2023\/07\/5pr_025-768x768.jpg 768w, https:\/\/5poraroku.pl\/wp-content\/uploads\/2023\/07\/5pr_025-1536x1536.jpg 1536w, https:\/\/5poraroku.pl\/wp-content\/uploads\/2023\/07\/5pr_025.jpg 1920w\" sizes=\"auto, (max-width: 1024px) 100vw, 1024px\" \/><\/a><\/figure>\n<\/div>\n\n\n\n<div class=\"wp-block-column is-layout-flow wp-block-column-is-layout-flow\" style=\"flex-basis:66.66%\">\n<h3 class=\"wp-block-heading\">Cezary \u017bo\u0142y\u0144ski<\/h3>\n\n\n\n<p>Wokalista, gitarzysta, aktor, re\u017cyser. Uko\u0144czy\u0142 PWST im. Ludwika Solskiego w Krakowie Wydzia\u0142 Lalkarski filia we Wroc\u0142awiu, Dyplom re\u017cysera teatru ZASP. Od 1994 roku zwi\u0105zany z <a href=\"https:\/\/teatr-gorzow.pl\/\">Teatrem im. Juliusza Osterwy w Gorzowie<\/a>. Laureat plebiscytu publiczno\u015bci \u201ePier\u015bcie\u0144 Melpomeny 2005\u201d. Przygod\u0119 z piosenkami Cohen\u2019a zacz\u0105\u0142 jeszcze na studiach. Fan STAR WARS.<\/p>\n<\/div>\n<\/div>\n\n\n\n<div class=\"wp-block-columns is-layout-flex wp-container-core-columns-is-layout-28f84493 wp-block-columns-is-layout-flex\">\n<div class=\"wp-block-column is-layout-flow wp-block-column-is-layout-flow\" style=\"flex-basis:33.33%\">\n<figure class=\"wp-block-image size-large\"><a href=\"https:\/\/5poraroku.pl\/wp-content\/uploads\/2023\/07\/5pr_031.jpg\"><img loading=\"lazy\" decoding=\"async\" width=\"1024\" height=\"1024\" src=\"https:\/\/5poraroku.pl\/wp-content\/uploads\/2023\/07\/5pr_031-1024x1024.jpg\" alt=\"\" class=\"wp-image-83\" srcset=\"https:\/\/5poraroku.pl\/wp-content\/uploads\/2023\/07\/5pr_031-1024x1024.jpg 1024w, https:\/\/5poraroku.pl\/wp-content\/uploads\/2023\/07\/5pr_031-300x300.jpg 300w, https:\/\/5poraroku.pl\/wp-content\/uploads\/2023\/07\/5pr_031-150x150.jpg 150w, https:\/\/5poraroku.pl\/wp-content\/uploads\/2023\/07\/5pr_031-768x768.jpg 768w, https:\/\/5poraroku.pl\/wp-content\/uploads\/2023\/07\/5pr_031.jpg 1280w\" sizes=\"auto, (max-width: 1024px) 100vw, 1024px\" \/><\/a><\/figure>\n<\/div>\n\n\n\n<div class=\"wp-block-column is-layout-flow wp-block-column-is-layout-flow\" style=\"flex-basis:66.66%\">\n<h3 class=\"wp-block-heading\">Marek Popis<\/h3>\n\n\n\n<p>Gitarzysta. Absolwent Akademii Muzycznej w Poznaniu, w klasie gitary. Wsp\u00f3\u0142pracowa\u0142 z wieloma muzykami, mi\u0119dzy innymi z zespo\u0142em Jafia, oraz Rastasize, kt\u00f3ry w znacznej cz\u0119\u015bci sk\u0142ada si\u0119 z muzyk\u00f3w z Jamajki. Wsp\u00f3\u0142pracuje z Filharmoni\u0105 Gorzowsk\u0105. Tw\u00f3rca muzyki do spektaklu muzycznego opartego o poezje Witolda Mierzy\u0144skiego pt.&#8221;\u017bycie Raz&#8221;. Na co dzie\u0144 przekazuje swoj\u0105 wiedz\u0119 uczniom Szk\u00f3\u0142 Muzycznych, jako nauczyciel klasy gitary.<\/p>\n<\/div>\n<\/div>\n\n\n\n<div class=\"wp-block-columns is-layout-flex wp-container-core-columns-is-layout-28f84493 wp-block-columns-is-layout-flex\">\n<div class=\"wp-block-column is-layout-flow wp-block-column-is-layout-flow\" style=\"flex-basis:33.33%\">\n<figure class=\"wp-block-image size-full\"><a href=\"https:\/\/5poraroku.pl\/wp-content\/uploads\/2025\/07\/5pr_0253.jpg\"><img loading=\"lazy\" decoding=\"async\" width=\"1920\" height=\"1920\" src=\"https:\/\/5poraroku.pl\/wp-content\/uploads\/2025\/07\/5pr_0253.jpg\" alt=\"\" class=\"wp-image-364\" srcset=\"https:\/\/5poraroku.pl\/wp-content\/uploads\/2025\/07\/5pr_0253.jpg 1920w, https:\/\/5poraroku.pl\/wp-content\/uploads\/2025\/07\/5pr_0253-300x300.jpg 300w, https:\/\/5poraroku.pl\/wp-content\/uploads\/2025\/07\/5pr_0253-1024x1024.jpg 1024w, https:\/\/5poraroku.pl\/wp-content\/uploads\/2025\/07\/5pr_0253-150x150.jpg 150w, https:\/\/5poraroku.pl\/wp-content\/uploads\/2025\/07\/5pr_0253-768x768.jpg 768w, https:\/\/5poraroku.pl\/wp-content\/uploads\/2025\/07\/5pr_0253-1536x1536.jpg 1536w\" sizes=\"auto, (max-width: 1920px) 100vw, 1920px\" \/><\/a><\/figure>\n<\/div>\n\n\n\n<div class=\"wp-block-column is-layout-flow wp-block-column-is-layout-flow\" style=\"flex-basis:66.66%\">\n<h3 class=\"wp-block-heading\">Tomasz Ko\u017alarek<\/h3>\n\n\n\n<p>Basista. <\/p>\n<\/div>\n<\/div>\n\n\n\n<div class=\"wp-block-columns is-layout-flex wp-container-core-columns-is-layout-28f84493 wp-block-columns-is-layout-flex\">\n<div class=\"wp-block-column is-layout-flow wp-block-column-is-layout-flow\" style=\"flex-basis:33.33%\">\n<figure class=\"wp-block-image size-large\"><a href=\"https:\/\/5poraroku.pl\/wp-content\/uploads\/2025\/07\/5pr_0252.jpg\"><img loading=\"lazy\" decoding=\"async\" width=\"1024\" height=\"1024\" src=\"https:\/\/5poraroku.pl\/wp-content\/uploads\/2025\/07\/5pr_0252-1024x1024.jpg\" alt=\"\" class=\"wp-image-361\" srcset=\"https:\/\/5poraroku.pl\/wp-content\/uploads\/2025\/07\/5pr_0252-1024x1024.jpg 1024w, https:\/\/5poraroku.pl\/wp-content\/uploads\/2025\/07\/5pr_0252-300x300.jpg 300w, https:\/\/5poraroku.pl\/wp-content\/uploads\/2025\/07\/5pr_0252-150x150.jpg 150w, https:\/\/5poraroku.pl\/wp-content\/uploads\/2025\/07\/5pr_0252-768x768.jpg 768w, https:\/\/5poraroku.pl\/wp-content\/uploads\/2025\/07\/5pr_0252-1536x1536.jpg 1536w, https:\/\/5poraroku.pl\/wp-content\/uploads\/2025\/07\/5pr_0252.jpg 1920w\" sizes=\"auto, (max-width: 1024px) 100vw, 1024px\" \/><\/a><\/figure>\n<\/div>\n\n\n\n<div class=\"wp-block-column is-layout-flow wp-block-column-is-layout-flow\" style=\"flex-basis:66.66%\">\n<h3 class=\"wp-block-heading\">Krzysztof Mr\u00f3z<\/h3>\n\n\n\n<p>Perkusista.  <\/p>\n<\/div>\n<\/div>\n\n\n\n<hr class=\"wp-block-separator has-alpha-channel-opacity\"\/>\n\n\n\n<h2 class=\"wp-block-heading\">Foto<\/h2>\n\n\n\n<figure class=\"wp-block-gallery has-nested-images columns-default is-cropped wp-block-gallery-1 is-layout-flex wp-block-gallery-is-layout-flex\">\n<figure class=\"wp-block-image size-large is-style-default\"><a href=\"https:\/\/5poraroku.pl\/wp-content\/uploads\/2025\/07\/4514-scaled.jpg\"><img loading=\"lazy\" decoding=\"async\" width=\"683\" height=\"1024\" data-id=\"377\" src=\"https:\/\/5poraroku.pl\/wp-content\/uploads\/2025\/07\/4514-683x1024.jpg\" alt=\"\" class=\"wp-image-377\" srcset=\"https:\/\/5poraroku.pl\/wp-content\/uploads\/2025\/07\/4514-683x1024.jpg 683w, https:\/\/5poraroku.pl\/wp-content\/uploads\/2025\/07\/4514-200x300.jpg 200w, https:\/\/5poraroku.pl\/wp-content\/uploads\/2025\/07\/4514-768x1152.jpg 768w, https:\/\/5poraroku.pl\/wp-content\/uploads\/2025\/07\/4514-1024x1536.jpg 1024w, https:\/\/5poraroku.pl\/wp-content\/uploads\/2025\/07\/4514-1365x2048.jpg 1365w, https:\/\/5poraroku.pl\/wp-content\/uploads\/2025\/07\/4514-scaled.jpg 1706w\" sizes=\"auto, (max-width: 683px) 100vw, 683px\" \/><\/a><\/figure>\n\n\n\n<figure class=\"wp-block-image size-large\"><a href=\"https:\/\/5poraroku.pl\/wp-content\/uploads\/2023\/07\/5pr_024.jpg\"><img loading=\"lazy\" decoding=\"async\" width=\"681\" height=\"1024\" data-id=\"76\" src=\"https:\/\/5poraroku.pl\/wp-content\/uploads\/2023\/07\/5pr_024-681x1024.jpg\" alt=\"\" class=\"wp-image-76\" srcset=\"https:\/\/5poraroku.pl\/wp-content\/uploads\/2023\/07\/5pr_024-681x1024.jpg 681w, https:\/\/5poraroku.pl\/wp-content\/uploads\/2023\/07\/5pr_024-200x300.jpg 200w, https:\/\/5poraroku.pl\/wp-content\/uploads\/2023\/07\/5pr_024-768x1155.jpg 768w, https:\/\/5poraroku.pl\/wp-content\/uploads\/2023\/07\/5pr_024-1022x1536.jpg 1022w, https:\/\/5poraroku.pl\/wp-content\/uploads\/2023\/07\/5pr_024.jpg 1277w\" sizes=\"auto, (max-width: 681px) 100vw, 681px\" \/><\/a><\/figure>\n\n\n\n<figure class=\"wp-block-image size-large\"><a href=\"https:\/\/5poraroku.pl\/wp-content\/uploads\/2023\/07\/5pr_030.jpg\"><img loading=\"lazy\" decoding=\"async\" width=\"1024\" height=\"681\" data-id=\"82\" src=\"https:\/\/5poraroku.pl\/wp-content\/uploads\/2023\/07\/5pr_030-1024x681.jpg\" alt=\"\" class=\"wp-image-82\" srcset=\"https:\/\/5poraroku.pl\/wp-content\/uploads\/2023\/07\/5pr_030-1024x681.jpg 1024w, https:\/\/5poraroku.pl\/wp-content\/uploads\/2023\/07\/5pr_030-300x200.jpg 300w, https:\/\/5poraroku.pl\/wp-content\/uploads\/2023\/07\/5pr_030-768x511.jpg 768w, https:\/\/5poraroku.pl\/wp-content\/uploads\/2023\/07\/5pr_030-1536x1022.jpg 1536w, https:\/\/5poraroku.pl\/wp-content\/uploads\/2023\/07\/5pr_030-360x240.jpg 360w, https:\/\/5poraroku.pl\/wp-content\/uploads\/2023\/07\/5pr_030.jpg 1920w\" sizes=\"auto, (max-width: 1024px) 100vw, 1024px\" \/><\/a><\/figure>\n\n\n\n<figure class=\"wp-block-image size-large\"><a href=\"https:\/\/5poraroku.pl\/wp-content\/uploads\/2025\/07\/4517-scaled.jpg\"><img loading=\"lazy\" decoding=\"async\" width=\"1024\" height=\"683\" data-id=\"371\" src=\"https:\/\/5poraroku.pl\/wp-content\/uploads\/2025\/07\/4517-1024x683.jpg\" alt=\"\" class=\"wp-image-371\" srcset=\"https:\/\/5poraroku.pl\/wp-content\/uploads\/2025\/07\/4517-1024x683.jpg 1024w, https:\/\/5poraroku.pl\/wp-content\/uploads\/2025\/07\/4517-300x200.jpg 300w, https:\/\/5poraroku.pl\/wp-content\/uploads\/2025\/07\/4517-768x512.jpg 768w, https:\/\/5poraroku.pl\/wp-content\/uploads\/2025\/07\/4517-1536x1024.jpg 1536w, https:\/\/5poraroku.pl\/wp-content\/uploads\/2025\/07\/4517-2048x1365.jpg 2048w, https:\/\/5poraroku.pl\/wp-content\/uploads\/2025\/07\/4517-360x240.jpg 360w\" sizes=\"auto, (max-width: 1024px) 100vw, 1024px\" \/><\/a><\/figure>\n\n\n\n<figure class=\"wp-block-image size-large\"><a href=\"https:\/\/5poraroku.pl\/wp-content\/uploads\/2025\/07\/4511-scaled.jpg\"><img loading=\"lazy\" decoding=\"async\" width=\"1024\" height=\"683\" data-id=\"375\" src=\"https:\/\/5poraroku.pl\/wp-content\/uploads\/2025\/07\/4511-1024x683.jpg\" alt=\"\" class=\"wp-image-375\" srcset=\"https:\/\/5poraroku.pl\/wp-content\/uploads\/2025\/07\/4511-1024x683.jpg 1024w, https:\/\/5poraroku.pl\/wp-content\/uploads\/2025\/07\/4511-300x200.jpg 300w, https:\/\/5poraroku.pl\/wp-content\/uploads\/2025\/07\/4511-768x512.jpg 768w, https:\/\/5poraroku.pl\/wp-content\/uploads\/2025\/07\/4511-1536x1024.jpg 1536w, https:\/\/5poraroku.pl\/wp-content\/uploads\/2025\/07\/4511-2048x1365.jpg 2048w, https:\/\/5poraroku.pl\/wp-content\/uploads\/2025\/07\/4511-360x240.jpg 360w\" sizes=\"auto, (max-width: 1024px) 100vw, 1024px\" \/><\/a><\/figure>\n\n\n\n<figure class=\"wp-block-image size-large\"><a href=\"https:\/\/5poraroku.pl\/wp-content\/uploads\/2025\/07\/DSC00620.jpg\"><img loading=\"lazy\" decoding=\"async\" width=\"1024\" height=\"576\" data-id=\"367\" src=\"https:\/\/5poraroku.pl\/wp-content\/uploads\/2025\/07\/DSC00620-1024x576.jpg\" alt=\"\" class=\"wp-image-367\" srcset=\"https:\/\/5poraroku.pl\/wp-content\/uploads\/2025\/07\/DSC00620-1024x576.jpg 1024w, https:\/\/5poraroku.pl\/wp-content\/uploads\/2025\/07\/DSC00620-300x169.jpg 300w, https:\/\/5poraroku.pl\/wp-content\/uploads\/2025\/07\/DSC00620-768x432.jpg 768w, https:\/\/5poraroku.pl\/wp-content\/uploads\/2025\/07\/DSC00620-1536x864.jpg 1536w, https:\/\/5poraroku.pl\/wp-content\/uploads\/2025\/07\/DSC00620.jpg 2048w\" sizes=\"auto, (max-width: 1024px) 100vw, 1024px\" \/><\/a><\/figure>\n\n\n\n<figure class=\"wp-block-image size-large\"><a href=\"https:\/\/5poraroku.pl\/wp-content\/uploads\/2025\/07\/4516-scaled.jpg\"><img loading=\"lazy\" decoding=\"async\" width=\"1024\" height=\"683\" data-id=\"393\" src=\"https:\/\/5poraroku.pl\/wp-content\/uploads\/2025\/07\/4516-1024x683.jpg\" alt=\"\" class=\"wp-image-393\" srcset=\"https:\/\/5poraroku.pl\/wp-content\/uploads\/2025\/07\/4516-1024x683.jpg 1024w, https:\/\/5poraroku.pl\/wp-content\/uploads\/2025\/07\/4516-300x200.jpg 300w, https:\/\/5poraroku.pl\/wp-content\/uploads\/2025\/07\/4516-768x512.jpg 768w, https:\/\/5poraroku.pl\/wp-content\/uploads\/2025\/07\/4516-1536x1024.jpg 1536w, https:\/\/5poraroku.pl\/wp-content\/uploads\/2025\/07\/4516-2048x1365.jpg 2048w, https:\/\/5poraroku.pl\/wp-content\/uploads\/2025\/07\/4516-360x240.jpg 360w\" sizes=\"auto, (max-width: 1024px) 100vw, 1024px\" \/><\/a><\/figure>\n\n\n\n<figure class=\"wp-block-image size-large\"><a href=\"https:\/\/5poraroku.pl\/wp-content\/uploads\/2025\/07\/5pr_0253.jpg\"><img loading=\"lazy\" decoding=\"async\" width=\"1024\" height=\"1024\" data-id=\"364\" src=\"https:\/\/5poraroku.pl\/wp-content\/uploads\/2025\/07\/5pr_0253-1024x1024.jpg\" alt=\"\" class=\"wp-image-364\" srcset=\"https:\/\/5poraroku.pl\/wp-content\/uploads\/2025\/07\/5pr_0253-1024x1024.jpg 1024w, https:\/\/5poraroku.pl\/wp-content\/uploads\/2025\/07\/5pr_0253-300x300.jpg 300w, https:\/\/5poraroku.pl\/wp-content\/uploads\/2025\/07\/5pr_0253-150x150.jpg 150w, https:\/\/5poraroku.pl\/wp-content\/uploads\/2025\/07\/5pr_0253-768x768.jpg 768w, https:\/\/5poraroku.pl\/wp-content\/uploads\/2025\/07\/5pr_0253-1536x1536.jpg 1536w, https:\/\/5poraroku.pl\/wp-content\/uploads\/2025\/07\/5pr_0253.jpg 1920w\" sizes=\"auto, (max-width: 1024px) 100vw, 1024px\" \/><\/a><\/figure>\n\n\n\n<figure class=\"wp-block-image size-large\"><a href=\"https:\/\/5poraroku.pl\/wp-content\/uploads\/2023\/07\/5pr_013.jpg\"><img loading=\"lazy\" decoding=\"async\" width=\"1024\" height=\"1024\" data-id=\"65\" src=\"https:\/\/5poraroku.pl\/wp-content\/uploads\/2023\/07\/5pr_013-1024x1024.jpg\" alt=\"\" class=\"wp-image-65\" srcset=\"https:\/\/5poraroku.pl\/wp-content\/uploads\/2023\/07\/5pr_013-1024x1024.jpg 1024w, https:\/\/5poraroku.pl\/wp-content\/uploads\/2023\/07\/5pr_013-300x300.jpg 300w, https:\/\/5poraroku.pl\/wp-content\/uploads\/2023\/07\/5pr_013-150x150.jpg 150w, https:\/\/5poraroku.pl\/wp-content\/uploads\/2023\/07\/5pr_013-768x768.jpg 768w, https:\/\/5poraroku.pl\/wp-content\/uploads\/2023\/07\/5pr_013-1536x1536.jpg 1536w, https:\/\/5poraroku.pl\/wp-content\/uploads\/2023\/07\/5pr_013.jpg 1920w\" sizes=\"auto, (max-width: 1024px) 100vw, 1024px\" \/><\/a><\/figure>\n\n\n\n<figure class=\"wp-block-image size-large\"><a href=\"https:\/\/5poraroku.pl\/wp-content\/uploads\/2025\/07\/4563-scaled.jpg\"><img loading=\"lazy\" decoding=\"async\" width=\"1024\" height=\"683\" data-id=\"391\" src=\"https:\/\/5poraroku.pl\/wp-content\/uploads\/2025\/07\/4563-1024x683.jpg\" alt=\"\" class=\"wp-image-391\" srcset=\"https:\/\/5poraroku.pl\/wp-content\/uploads\/2025\/07\/4563-1024x683.jpg 1024w, https:\/\/5poraroku.pl\/wp-content\/uploads\/2025\/07\/4563-300x200.jpg 300w, https:\/\/5poraroku.pl\/wp-content\/uploads\/2025\/07\/4563-768x512.jpg 768w, https:\/\/5poraroku.pl\/wp-content\/uploads\/2025\/07\/4563-1536x1024.jpg 1536w, https:\/\/5poraroku.pl\/wp-content\/uploads\/2025\/07\/4563-2048x1365.jpg 2048w, https:\/\/5poraroku.pl\/wp-content\/uploads\/2025\/07\/4563-360x240.jpg 360w\" sizes=\"auto, (max-width: 1024px) 100vw, 1024px\" \/><\/a><\/figure>\n\n\n\n<figure class=\"wp-block-image size-large\"><a href=\"https:\/\/5poraroku.pl\/wp-content\/uploads\/2025\/07\/4510-scaled.jpg\"><img loading=\"lazy\" decoding=\"async\" width=\"1024\" height=\"683\" data-id=\"389\" src=\"https:\/\/5poraroku.pl\/wp-content\/uploads\/2025\/07\/4510-1024x683.jpg\" alt=\"\" class=\"wp-image-389\" srcset=\"https:\/\/5poraroku.pl\/wp-content\/uploads\/2025\/07\/4510-1024x683.jpg 1024w, https:\/\/5poraroku.pl\/wp-content\/uploads\/2025\/07\/4510-300x200.jpg 300w, https:\/\/5poraroku.pl\/wp-content\/uploads\/2025\/07\/4510-768x512.jpg 768w, https:\/\/5poraroku.pl\/wp-content\/uploads\/2025\/07\/4510-1536x1024.jpg 1536w, https:\/\/5poraroku.pl\/wp-content\/uploads\/2025\/07\/4510-2048x1365.jpg 2048w, https:\/\/5poraroku.pl\/wp-content\/uploads\/2025\/07\/4510-360x240.jpg 360w\" sizes=\"auto, (max-width: 1024px) 100vw, 1024px\" \/><\/a><\/figure>\n<\/figure>\n\n\n\n<p>Foto: Anna R\u00f3\u017cycka, \u0141ukasz Bernas<\/p>\n\n\n\n<hr class=\"wp-block-separator has-alpha-channel-opacity\"\/>\n\n\n\n<p>Pos\u0142uchaj nas <a href=\"https:\/\/5poraroku.pl\/index.php\/posluchaj-nas\/\">tutaj<\/a>.<\/p>\n","protected":false},"excerpt":{"rendered":"<p>\u017bycie to dobrze napisana sztuka, z wyj\u0105tkiem trzeciego aktu&#8230; Leonard Cohen &#8230;dlatego staramy si\u0119 aby akt drugi trwa\u0142 niesko\u0144czenie d\u0142ugo. 5 Pora Roku &#8211; to zesp\u00f3\u0142 artyst\u00f3w i przyjaci\u00f3\u0142 &#8211; aktor\u00f3w, muzyk\u00f3w, wokalist\u00f3w. Gramy recitale, koncerty, spektakle teatralne. \u0141\u0105czy nas pasja do sztuki, a sztuka daje nam mn\u00f3stwo rado\u015bci. T\u0105 [&hellip;]<\/p>\n","protected":false},"author":1,"featured_media":402,"parent":0,"menu_order":0,"comment_status":"closed","ping_status":"closed","template":"","meta":{"footnotes":""},"class_list":["post-153","page","type-page","status-publish","has-post-thumbnail","hentry"],"_links":{"self":[{"href":"https:\/\/5poraroku.pl\/index.php\/wp-json\/wp\/v2\/pages\/153","targetHints":{"allow":["GET"]}}],"collection":[{"href":"https:\/\/5poraroku.pl\/index.php\/wp-json\/wp\/v2\/pages"}],"about":[{"href":"https:\/\/5poraroku.pl\/index.php\/wp-json\/wp\/v2\/types\/page"}],"author":[{"embeddable":true,"href":"https:\/\/5poraroku.pl\/index.php\/wp-json\/wp\/v2\/users\/1"}],"replies":[{"embeddable":true,"href":"https:\/\/5poraroku.pl\/index.php\/wp-json\/wp\/v2\/comments?post=153"}],"version-history":[{"count":42,"href":"https:\/\/5poraroku.pl\/index.php\/wp-json\/wp\/v2\/pages\/153\/revisions"}],"predecessor-version":[{"id":423,"href":"https:\/\/5poraroku.pl\/index.php\/wp-json\/wp\/v2\/pages\/153\/revisions\/423"}],"wp:featuredmedia":[{"embeddable":true,"href":"https:\/\/5poraroku.pl\/index.php\/wp-json\/wp\/v2\/media\/402"}],"wp:attachment":[{"href":"https:\/\/5poraroku.pl\/index.php\/wp-json\/wp\/v2\/media?parent=153"}],"curies":[{"name":"wp","href":"https:\/\/api.w.org\/{rel}","templated":true}]}}